the greatest common divisor of q and x.
8
Suppose 6 = 4*k - 2*k. Let o(s) = 3*s**2 + 4*s + 2. Let j be o(-2). What is the greatest common factor of j and k?
3
Let j be 15/45 + 46/6. What is the greatest common factor of 28 and j?
4
Suppose 10*w = 29*w - 38. Calculate the greatest common divisor of w and 2.
2
Suppose -3*n + 9 = -0*n. Suppose n*l - 322 = -25. Calculate the highest common divisor of 9 and l.
9
Let g = 125 + -20. Calculate the greatest common factor of g and 15.
15
Suppose 17 = 3*x - 4*y, -2*y = -4*x - 5 + 31. Let v be 2/7 + 243/7. Calculate the greatest common factor of v and x.
7
Let i = 15 + -16. Let x = 8 - i. Calculate the highest common divisor of 9 and x.
9
Let u(i) = i**3 + 4*i**2 + i - 3. Let r be u(-3). Suppose -4*x + r = -13. What is the greatest common factor of 20 and x?
4
Let i = 45 + -23. What is the highest common factor of 2 and i?
2
Let u be 2 + 0/(-1 + -1). Suppose -u*m + 1 + 5 = 0. Let s(f) = 22*f + 4. Let z be s(m). What is the highest common divisor of 28 and z?
14
Let x(k) = 7 - 10*k + 8*k + 5*k + 11*k. Let r be x(3). What is the greatest common factor of r and 7?
7
Suppose -2*m = 2*b + 10, -12 = 4*m + 8. Let p be 3*(b + 1) + -1. Calculate the highest common factor of p and 8.
2
Suppose 0*z - 4*z - 12 = 0, 5*z + 14 = -w. Let a = 12 - 21. Let x be 8/(-28) - a/7. What is the highest common divisor of w and x?
1
Let z(x) = x + 22. Let m be z(-15). Calculate the highest common factor of m and 49.
7
Let q = 4 + -4. Suppose 0 = -d - 2*u + 2, 0 = d - q*d + 4*u + 2. Let x = 87 + -39. Calculate the highest common factor of d and x.
6
Suppose -2*k - 36 = -4*t, -5*t + 0*k = -5*k - 45. Calculate the greatest common divisor of 27 and t.
9
Let n = -25 + 40. Calculate the greatest common factor of 3 and n.
3
Suppose -2*h + 1 = -9. Suppose -448 + 5168 = h*y. Suppose 3*u + y = 5*t, -2*t - u = u - 384. What is the greatest common divisor of 19 and t?
19
Suppose -5*z = -3*s + 4 - 17, 0 = -4*s - 4. Let g be (-10 - -23)*z/2. Calculate the greatest common divisor of 39 and g.
13
Let y be ((1 - 3) + -2)/1. Let r be 1*y*(-3 - -2). Suppose w + 30 = r*w. Calculate the highest common factor of w and 10.
10
Let o = -13 - -26. What is the greatest common divisor of 65 and o?
13
Suppose 0 = -4*w + y + 58, -36 = -2*w + 5*y - y. Suppose 3*j + w = 2, j = -3*u + 293. Calculate the highest common divisor of u and 11.
11
Suppose 0 = g + 5*x - 6, 0 = 5*g - 13*x + 10*x - 30. Calculate the highest common factor of g and 54.
6
Let l be (-4)/6*(-78)/4. Let f(h) = -7*h - 6*h - 14*h + 2 - 4. Let a be f(-2). Calculate the greatest common factor of a and l.
13
Let v(b) = -b - 4. Let o be v(-8). Suppose -o*g = -7*g + 36. Calculate the highest common divisor of 18 and g.
6
Suppose 3*g + 2*r + 26 = r, -3*g = 4*r + 41. Let n = 0 - g. What is the greatest common factor of 77 and n?
7
Let q be 1/(-2) + (-19)/(-2). Let p = -5 - -55. Suppose 5*x + r = 44, -2*x + 5*r + p = 3*x. Calculate the greatest common factor of q and x.
9
Suppose -4*v + 4 = -4*t, 2 = -3*t - v + 5*v. Let i be 15/6 + (-3)/t. Let h be 8/(12/(-3))*-2. What is the highest common factor of i and h?
4
Suppose 0 = z - 4*a - 16, 7*a - 4*a - 3 = 0. Suppose 5*p - 64 + 14 = 0. Calculate the greatest common divisor of z and p.
10
Let o(r) = -r + 9. Let z be o(5). Let c(s) = s**2 + 2*s - 2. Let y be c(z). What is the greatest common divisor of y and 44?
22
Suppose 3*s + 3*r = 0, s - 5*r + 11 = 29. Suppose -s*a + 12 + 6 = 0. What is the highest common divisor of 4 and a?
2
Suppose 0 = 5*p - p - 76. Calculate the highest common divisor of 76 and p.
19
Let p be 2/4*176/8. Let d(o) = o**3 - 12*o**2 + 16*o + 2. Let m be d(p). Let n be 2/(-4) - 154/(-4). What is the greatest common divisor of m and n?
19
Suppose 0 = -5*k - 2*r + 35 - 1, -8 = -4*r. What is the greatest common factor of k and 210?
6
Let q = -24 - -38. Suppose n = q + 7. What is the highest common divisor of 14 and n?
7
Suppose 3*p + 3*c - 63 = 0, 4*p + 2*c - 102 = 4*c. What is the greatest common factor of p and 6?
6
Let d(n) be the first derivative of 3*n**2/2 - 12*n - 4. Let y be d(8). What is the greatest common factor of 84 and y?
12
Let g be 5/2 + (-4)/(-8). What is the highest common divisor of g and 1?
1
Let v be 78/(-4)*(-30)/9. Calculate the highest common divisor of v and 26.
13
Suppose -60*j = -61*j + 13. What is the greatest common factor of j and 26?
13
Let d = -79 + 116. What is the highest common divisor of d and 296?
37
Let o = 54 + -44. Calculate the highest common factor of 110 and o.
10
Let c(j) = 5*j**2 + 9*j + 6. Suppose 5*h = -32 + 2. Let y be c(h). Let w = 220 - y. Calculate the greatest common divisor of w and 8.
8
Let n(w) = -w**2 + 7*w + 8. Let q be n(8). Suppose -4*f + q*h = -5*h - 61, 5*f - 50 = h. What is the highest common factor of f and 18?
9
Let r = 182 + -177. Calculate the greatest common divisor of r and 35.
5
Suppose 2*u - 3*u = 4, -3*k - 2 = 2*u. Suppose 0 = q - 9 + k. Calculate the greatest common divisor of 49 and q.
7
Let y = -18 + 33. Let x(k) = 59*k**3 + 2*k - 1. Let d be x(1). What is the highest common factor of d and y?
15
Let x be 10*(-2 + 7 + 0). Suppose j = -4*j + 100. Suppose 2*n = n + j. What is the greatest common factor of x and n?
10
Let b = -10 + 16. Let n = b + -4. Let k be 13/n - (-2)/(-4). Calculate the highest common factor of 4 and k.
2
Suppose u + p = -5 + 56, 2*u + 3*p = 103. What is the greatest common divisor of 75 and u?
25
Let g(q) be the first derivative of -q**2/2 - 4*q - 1. Let n be g(6). Let m be (-47 - 1)*n/8. What is the greatest common factor of m and 15?
15
Let h be (-4)/6*1*-72. Let a(o) = 8*o - 1. Let i be a(7). Suppose -3*v = 7 - i. What is the highest common divisor of v and h?
16
Suppose 2*u - 587 = -59. Calculate the highest common divisor of 24 and u.
24
Let l be -28*(-3)/((-6)/(-49)). Suppose -l - 234 = -5*y. Calculate the greatest common factor of 23 and y.
23
Let s = -189 + 271. Let n be (0 - 2) + s/1. What is the highest common factor of 16 and n?
16
Let q = 11 + -7. Suppose q*c - 100 = -c. Calculate the highest common divisor of c and 4.
4
Suppose -3*v + 0*v = -117. Suppose 3 = -k - 3*o, -3*k + 0*o = -3*o - v. Suppose 176 = 2*f - 4. Calculate the greatest common divisor of f and k.
9
Let j be (5 - 11)*(-1 + 0). Suppose 5*g + j*z - 330 = z, -z = 2*g - 132. Calculate the greatest common divisor of 6 and g.
6
Suppose 3*u + 159 = 3*a, 164 = 2*a + 3*u + 53. What is the highest common factor of 9 and a?
9
Let r be 412/12 - 3/(-36)*-4. Calculate the greatest common divisor of 374 and r.
34
Let m be (-871)/(-52) - 2/(-8). What is the highest common divisor of 51 and m?
17
Suppose 5*y - 25 = 25. Suppose -2*v - 49 = -5*w - 20, -y = 5*v. Let f = -43 - -53. What is the greatest common factor of f and w?
5
Let n(k) = -5*k - 60. Let f be n(-15). Calculate the highest common divisor of f and 5.
5
Let n be 5/((-45)/(-6))*-33. Let d = n + 40. Calculate the highest common factor of d and 2.
2
Let k = 92 - 52. Let z = 0 - -4. Suppose 3*j = 3, 2*j - 28 = -3*h + z*j. Calculate the greatest common divisor of k and h.
10
Let p(a) = -a**3 + 4*a**2 - 2*a + 2. Let o(c) = c**3 + 10*c**2 + 10*c + 12. Let u be o(-9). Let b be p(u). What is the highest common factor of b and 5?
5
Let o = -18 + 30. Let f(u) = u**3 + 5*u**2 - 2*u - 7. Let j be f(-5). Suppose 0 = 2*a + 4, 4*t = 2*t - j*a + o. Calculate the greatest common factor of t and 9.
9
Suppose 6*m + t = m + 70, 2*m - 3*t = 28. Calculate the greatest common divisor of m and 21.
7
Let i = 0 + -4. Let r = 4 - i. What is the greatest common factor of r and 64?
8
Let f be ((-12)/15)/((-1)/5). What is the greatest common factor of f and 2?
2
Let n be (-3)/(3*2/(-396)). Calculate the greatest common factor of n and 18.
18
Let t(z) = -30*z - 3. Let g(j) = 60*j + 7. Let o(y) = -2*g(y) - 5*t(y). Let v be o(3). Calculate the greatest common factor of 13 and v.
13
Let u be 3*(-2 - -1) + 9. What is the highest common factor of u and 6?
6
Let i(m) = m**3 + 7*m**2 - 4*m + 8. Let l be i(-8). Let t be (-2)/6 - 2600/l. Let x = -12 + 24. What is the highest common divisor of t and x?
12
Let n be (-126)/(-6) - (1 - -2). What is the greatest common divisor of n and 72?
18
Suppose -3*c + 6*c + 3*p = 69, -4*p = 3*c - 67. What is the highest common divi